sor of 51 and 2238237.
51
Calculate the greatest common divisor of 2280810 and 945.
105
What is the highest common divisor of 58 and 2843102?
58
What is the highest common divisor of 2122756 and 34?
34
Calculate the greatest common divisor of 12 and 108159252.
12
Calculate the greatest common factor of 135 and 4169415.
15
What is the greatest common divisor of 62436 and 5566?
242
Calculate the greatest common factor of 25375 and 2413250.
875
What is the highest common divisor of 44814622 and 296?
74
What is the highest common factor of 113085234 and 648?
162
What is the greatest common divisor of 2783402 and 2?
2
What is the greatest common divisor of 8367 and 10489429?
2789
Calculate the greatest common factor of 15599 and 10043293.
821
What is the greatest common factor of 1206 and 47483838?
1206
Calculate the highest common factor of 16 and 2663949296.
16
Calculate the highest common divisor of 18692962 and 510.
34
Calculate the highest common factor of 1637500696 and 8879.
8879
Calculate the highest common divisor of 61928 and 1208.
8
What is the greatest common divisor of 893 and 431281?
19
What is the greatest common divisor of 580695973 and 33?
11
What is the highest common divisor of 260250 and 21650?
50
What is the greatest common divisor of 24790514 and 16730?
3346
What is the highest common factor of 2380 and 60732500?
340
Calculate the highest common divisor of 6973 and 807767.
367
Calculate the greatest common factor of 603746 and 66.
22
What is the greatest common divisor of 1909 and 1370579?
83
Calculate the greatest common divisor of 518 and 25118506.
14
What is the highest common divisor of 536977 and 62171459?
13097
What is the highest common divisor of 16249415 and 1365?
455
What is the greatest common divisor of 55620 and 157140?
540
Calculate the highest common factor of 1079607600 and 120.
120
What is the greatest common factor of 33469535 and 58223?
869
Calculate the highest common divisor of 2348046068 and 152.
76
What is the highest common divisor of 7345500 and 22500?
1500
What is the highest common factor of 21936 and 262243509?
1371
Calculate the greatest common divisor of 1953 and 78504741.
1953
Calculate the greatest common divisor of 2917785 and 89895.
195
Calculate the highest common divisor of 310 and 9325234.
62
Calculate the greatest common divisor of 4842 and 516888342.
4842
Calculate the greatest common divisor of 68662 and 8690.
22
What is the greatest common factor of 234 and 4484714?
26
What is the greatest common factor of 1320660 and 18212?
116
What is the greatest common divisor of 1026 and 640528?
38
What is the greatest common factor of 65 and 589607?
1
What is the greatest common factor of 48624 and 300224?
16
Calculate the highest common divisor of 1668903 and 18411.
1083
What is the greatest common divisor of 902 and 65690282?
82
Calculate the highest common factor of 1820 and 5504380.
140
What is the greatest common factor of 10472 and 23066824?
1496
What is the highest common factor of 162 and 5338296?
18
Calculate the greatest common factor of 478632 and 310134.
2442
Calculate the highest common factor of 9655026 and 16370.
3274
Calculate the highest common divisor of 992947680 and 48.
48
Calculate the highest common divisor of 17 and 3373582561.
17
Calculate the highest common factor of 421056 and 316608.
3264
Calculate the highest common divisor of 8721 and 573173.
19
Calculate the highest common divisor of 699340 and 730000.
1460
What is the highest common factor of 3058 and 293810?
22
What is the highest common divisor of 29106 and 16797?
33
Calculate the highest common divisor of 2607260 and 60.
20
What is the highest common factor of 34148 and 1715937?
8537
Calculate the highest common factor of 245427 and 1349283.
1131
What is the greatest common factor of 1680464 and 147320?
1016
Calculate the greatest common factor of 586088 and 766648.
488
Calculate the greatest common divisor of 196 and 162661723.
49
What is the greatest common factor of 82455 and 5258?
239
What is the highest common divisor of 33 and 52874338?
11
Calculate the highest common divisor of 449120 and 1405505.
2005
What is the greatest common factor of 669396 and 372091?
613
Calculate the greatest common factor of 1981 and 87304651.
1981
Calculate the highest common divisor of 16904 and 239784.
8
What is the highest common factor of 12967925 and 25?
25
What is the greatest common factor of 418760276 and 248?
124
What is the greatest common divisor of 4632 and 502796?
4
What is the highest common divisor of 6439068 and 1512?
108
What is the greatest common divisor of 1365 and 88281648?
273
Calculate the highest common factor of 418984 and 2632532.
2524
What is the greatest common factor of 95808500 and 2500?
500
Calculate the greatest common factor of 2453 and 4016899.
223
Calculate the highest common factor of 389430 and 9350647.
4327
Calculate the highest common factor of 1299522 and 3318.
42
What is the highest common divisor of 213513802 and 413?
59
Calculate the greatest common factor of 2756 and 934700.
52
What is the greatest common factor of 267 and 6803605?
89
What is the greatest common divisor of 676401 and 1013507?
2189
Calculate the highest common divisor of 8396 and 1881031444.
8396
What is the greatest common factor of 1088 and 1778540?
68
What is the greatest common factor of 13 and 31335720?
13
Calculate the highest common divisor of 861474 and 21170.
58
Calculate the greatest common factor of 252126 and 768558.
1218
What is the highest common divisor of 5585690 and 290870?
4930
What is the greatest common divisor of 4689556 and 1180?
236
What is the highest common factor of 41144 and 17242?
74
What is the highest common divisor of 81434 and 2408732?
4286
What is the greatest common factor of 18833 and 31043?
37
Calculate the highest common divisor of 13317910 and 620.
310
What is the highest common factor of 255479633 and 219?
73
What is the highest common divisor of 157 and 142783964?
157
What is the greatest common factor of 56261 and 435026?
443
What is the highest common factor of 259 and 612344117?
259
Calculate the greatest common factor of 643049 and 14575.
583
Calculate the greatest common divisor of 2488 and 18556126.
622
Calculate the greatest common factor of 26491 and 763696.
59
What is the highest common divisor of 1736 and 3052?
28
What is the greatest common divisor of 833525 and 1412950?
1925
What is the greatest common divisor of 16720 and 112160?
80
What is the greatest common factor of 3210426 and 3776?
118
What is the highest common divisor of 56315068 and 7264?
908
What is the highest common factor of 1768118 and 88?
22
What is the highest common divisor of 34893364 and 35541?
3949
What is the highest common divisor of 60062308 and 2272?
284
What is the highest common divisor of 114537 and 184179?
219
What is the highest common factor of 110317 and 103100?
1031
What is the highest common factor of 226672 and 101680?
496
Calculate the greatest common factor of 6917239 and 12933.
479
Calculate the highest common factor of 317850 and 28851.
489
What is the highest common divisor of 50302672 and 1120?
112
What is the highest common divisor of 4824259 and 44?
11
Calculate the highest common factor of 220 and 48404004.
44
Calculate the highest common divisor of 522 and 25149496.
58
Calculate the highest common factor of 38244899 and 77.
77
Calculate the highest common factor of 11081772 and 1794.
78
What is the highest common factor of 268608 and 21174?
6
Calculate the highest common factor of 1193953 and 90988.
529
Calculate the highest common factor of 3145 and 14365765.
85
What is the highest common factor of 1311 and 16824937?
437
What is the highest common factor of 366252 and 156837?
69
What is the highest common factor of 7470 and 780090?
30
What is the greatest common divisor of 10524820 and 4?
4
Calculate the highest common divisor of 18972 and 7929684.
612
What is the greatest common divisor of 16 and 3052700?
4
What is the greatest common divisor of 5472390 and 60720?
7590
Calculate the greatest common divisor of 51500 and 158500.
500
Calculate the highest common divisor of 13166 and 526186.
454
What is the greatest common factor of 5627 and 64719?
17
Calculate the greates